ulate the remainder when h is divided by 1*(-8)/2*-7.
25
Let l(w) = 12*w + 6. Calculate the remainder when l(3) is divided by (-2)/(-3) + 92/6.
10
Suppose -l - 5*s + 57 = -85, -3*l = -3*s - 372. Calculate the remainder when l is divided by 19.
13
Suppose -4*w - 290 = -5*w + 4*t, -w + 280 = -2*t. Calculate the remainder when w is divided by 39.
36
Let t = 102 - 50. Let a = -32 + t. What is the remainder when 38 is divided by a?
18
Let v = -17 + 21. Suppose o + p + 4 = -34, -v*o = -2*p + 134. Let i = o + 79. Calculate the remainder when i is divided by 15.
14
Let i = -807 - -482. Let x = -199 - i. What is the remainder when x is divided by 32?
30
Let y(s) = 2*s**3 - 4*s**2 - 11*s - 3. Let q be y(5). Suppose 4*i = 8 + q. Calculate the remainder when 70 is divided by i.
20
Let f be (6 - 3)/(6/32). Suppose 3*u + u = f. Let n = u - -3. Calculate the remainder when 20 is divided by n.
6
Let n(y) = y + 20. Let b be n(-14). Calculate the remainder when (4/b)/(3/207) is divided by (24/(-15))/(3/(-30)).
14
Suppose 1637 = 3*t + 2*w, 0*w = t + 2*w - 547. What is the remainder when t is divided by 134?
9
Suppose -4 + 10 = 2*l. Suppose l*t - g = 87, 2*g = 3*t - 98 + 11. Calculate the remainder when t is divided by -90 + 80 + (0 - -18).
5
Let n(l) = 52*l - 107. Calculate the remainder when 297 is divided by n(4).
95
Suppose 2*b - 13 - 109 = 0. Let g(a) = -a**3 - 5*a**2 - 5*a + 6. What is the remainder when b is divided by g(-5)?
30
Let m(o) = o**3 + 10*o**2 - 8. What is the remainder when m(-5) is divided by 15?
12
Let i be (1/(-2))/((-1)/10). Let b = 31 - i. Let n(p) = p**3 - 6*p**2 + 7*p - 1. Calculate the remainder when b is divided by n(5).
8
Let b be (-7)/(-4) + (-19)/(-76). Let w be (-6)/b + 60/3. Suppose w = -4*i + 5*i. Calculate the remainder when 62 is divided by i.
11
Suppose 3*g - 2*d - d = -231, 5*g - 2*d = -391. Let q = g + 90. What is the remainder when q is divided by 7?
4
Let u be 11/4 - 8/(-32). Suppose 36 = u*d + 3*d. Calculate the remainder when 39 is divided by d.
3
Let z(n) = n**3 - 5*n**2 + 10*n - 7. Let b be (2/(-6))/(4/(-156)). Suppose a = -b + 36. What is the remainder when z(5) is divided by a?
20
Suppose -258 = -6*n + 798. What is the remainder when n is divided by 53?
17
Let s be 197/5 - 6/(-10). Suppose 3*m + 13 = s. What is the remainder when 17 is divided by m?
8
Suppose -23 = 7*t - 86. Let k(m) = -m + 19. What is the remainder when 37 is divided by k(t)?
7
Suppose 4*b = 3*i - 10, b = -4*i + 3 + 4. Suppose -q + 36 = i*q. Suppose -5*k + 5 = 3*u - 5, 3*u + 3*k = 12. Calculate the remainder when q is divided by u.
2
Let n(g) = -43*g + 1. Let v be n(-1). Let m = v - 17. What is the remainder when (-4 + -132)/(-1) - (-6)/(-3) is divided by m?
26
Suppose -407 = 20*b - 1047. Calculate the remainder when 91 is divided by b.
27
What is the remainder when 38 is divided by (1 - (-22)/(-10))*50/(-6)?
8
Let q(i) = 2*i**2 - 2*i + 5. Calculate the remainder when 258 is divided by q(-5).
63
Let l = -180 - -1132. Suppose -l = -10*j + 2*j. What is the remainder when j is divided by 11?
9
Let u be (1 - -1) + (-96)/(-12). Let c(w) = -w**3 + 10*w**2 + 5*w - 5. What is the remainder when c(u) is divided by 16?
13
Suppose -9*i + 11*i = 136. Calculate the remainder when i is divided by 10.
8
Suppose 287*w - 280*w - 175 = 0. What is the remainder when 74 is divided by w?
24
Suppose -z = 4*o - 245 + 9, -2*z + 8 = 0. Calculate the remainder when o is divided by 28.
2
Let z(h) = 2*h**2 - 10*h - 6. Let g be z(6). Suppose -35 = -t - 5*f, 5*t = g*t - 4*f - 62. Calculate the remainder when t is divided by 18.
14
Let v = 47 - -2. Let r = 1029 - 1016. What is the remainder when v is divided by r?
10
Suppose z - 11 = 4*v + 45, -v + 3 = 0. What is the remainder when 201 is divided by z?
65
Let x be (-6)/(-15) + 1/((-10)/(-9666)). Suppose 2*o - i = 485, -2*i - x = -4*o + i. Calculate the remainder when o is divided by 35.
34
Suppose 0*d + 4*d = 48. Suppose -o + 36 - d = 0. What is the remainder when o is divided by 13?
11
Let s(a) = 3*a**2 - 2. Let u(r) = r + 4. Let z be u(-2). Let w be s(z). Calculate the remainder when 42 is divided by w + 2/(-2) + 2.
9
Suppose -5*p + 1791 = -119. What is the remainder when p is divided by 48?
46
Let z(l) be the third derivative of l**6/120 + l**5/4 + 13*l**4/24 + 13*l**2. Suppose 16 = d - 24. What is the remainder when d is divided by z(-14)?
12
Suppose 4*r + 5*h = h + 12, -3*h + 3 = 0. Suppose r*l + 4*i - 30 = 0, -5*l = -2*i - 54 - 81. Calculate the remainder when 73 is divided by l.
23
Suppose -2*t + 9 - 2 = 5*s, -2*t = 2*s + 2. Calculate the remainder when 31 is divided by s.
1
Let w be (0 + 13)*(1 + 0). Suppose -y - 13 = -2*p, -3*y - 44 + w = -4*p. Suppose 2*n + n - 15 = 0. What is the remainder when n is divided by p?
1
Let l be (-1)/4*-18 + 4/(-8). Suppose -l*p = 203 - 231. What is the remainder when 23 is divided by p?
2
Let u = 54 + -23. Let b = -5627 - -5635. What is the remainder when u is divided by b?
7
Suppose -5*t + 0*t = 0. Suppose t = -4*u - 16 + 116. What is the remainder when u is divided by 7?
4
Let r(g) be the second derivative of -g**4/12 + g**2/2 - 5*g. Let k be r(2). Let p(f) = 2*f**2 + 3*f - 3. Calculate the remainder when 16 is divided by p(k).
4
Let i = 373 + -158. What is the remainder when i is divided by 31?
29
Suppose -3*r + 6 = -171. Suppose -5*g - z + 206 = 55, 5*z + 51 = g. Calculate the remainder when r is divided by g.
28
Suppose 2*s + 0*i = i - 5, -3*i = -2*s - 7. Let u be -1*(s + 1) - -45. Let c = 12 + u. Calculate the remainder when c is divided by 20.
18
Suppose 0*o = -3*o + 63. Let g = -12946 - -13023. Calculate the remainder when g is divided by o.
14
Let a = -16 - -18. Suppose 4 = -y - 5*b, 40 = y + a*y + 2*b. Let j = 27 + 20. What is the remainder when j is divided by y?
15
Let d = 517 - 262. What is the remainder when 4/16 - d/(-20) is divided by 5?
3
Suppose -6 = -2*r + r. What is the remainder when 10 is divided by (-2 + 4)*(-4 + r)?
2
Let b(y) = -6*y + 8. Let v be b(1). Let f = -3 + 6. Suppose 0 = 3*c - f, -2*i - 3*c + 87 = v*i. What is the remainder when i is divided by 8?
5
Let t(h) = 3*h**3 - 3*h**2 + 3*h - 4. Let a(x) = -x**3 + 23*x**2 - 42*x + 4. Let q be a(21). Calculate the remainder when t(q) is divided by 39.
35
Calculate the remainder when (-14 - -21)*804/14 is divided by 45.
42
Let c = 98 + 68. What is the remainder when c is divided by 23?
5
Let k = 781 - 778. What is the remainder when 18 is divided by k?
0
Let j = -811 - -1347. Suppose 5*q - 6*x - 896 = -5*x, 3*q - j = -x. What is the remainder when q is divided by 36?
35
Let x = 659 - 594. Calculate the remainder when x is divided by 24.
17
Let y = 9 + -1. Suppose 20 = 19*u - 14*u. Suppose -u = -f + 11. What is the remainder when f is divided by y?
7
Let s(f) be the third derivative of f**5/60 + f**4/24 - 10*f**3/3 - 11*f**2. Let d = -20 - -43. Calculate the remainder when s(10) is divided by d.
21
Suppose -3*w - 2 - 19 = 0. Let r(d) = 5*d + 23. Let s(l) = 9*l + 45. Let v(m) = -5*r(m) + 3*s(m). Calculate the remainder when 27 is divided by v(w).
3
Let q(l) = -5*l**3 + 16*l**2 - 22*l + 8. Let w(h) = -6*h**3 + 17*h**2 - 23*h + 9. Let c(g) = 5*q(g) - 4*w(g). What is the remainder when c(10) is divided by 5?
4
Let f = 1841 + -1797. Calculate the remainder when 391 is divided by f.
39
Let j = 75 + -62. Suppose -b - 4 = -0*b, -4*f - 3*b + 180 = 0. What is the remainder when f is divided by j?
9
Calculate the remainder when (-30)/(9/(-3)*(-4)/(-12)) is divided by 9.
3
Let d(b) = 31*b - 47. Let l(s) = -15*s + 23. Let x(n) = -6*d(n) - 13*l(n). Calculate the remainder when 109 is divided by x(5).
25
Let k = -14 + 9. Let d = k + 8. Suppose 4*n = -v + 2*v + 7, 3*v - d*n - 24 = 0. Calculate the remainder when v is divided by 7.
6
Let y = -171 - -174. Let p be ((-1 - -1) + 256)/1. Suppose 0*k = 3*k - 4*z - p, -296 = -y*k - 4*z. Calculate the remainder when k is divided by 19.
16
Suppose 0 = 5*g - 0*f + 2*f - 18, 6 = -3*g + 3*f. Suppose -m + 1 + 24 = g*v, -m - 45 = -5*v. What is the remainder when 1/(-3) - 1298/(-33) is divided by v?
9
Suppose 5*d - 4*s - 55 = s, 2*s + 43 = 5*d. Let m = 92 - d. Calculate the remainder when m is divided by 18.
13
Let i(f) = -3*f**2 + 13*f. Let s be i(4). What is the remainder when 122 is divided